ve of x(h). Calculate t(-2).
-8
Suppose -5*u - 14*k = -19*k + 250, -k + 182 = -4*u. Let g(m) = -m**3 - 43*m**2 + 42*m - 86. Give g(u).
2
Let c(u) = -4*u - 11. Let i(w) = -6*w**2 + 2*w - 4. Let f = 102 + -101. Let t be i(f). What is c(t)?
21
Suppose 3*i + 10 = -0*i - b, 15 = 3*b. Suppose 14 = m + 3*q - 0, -2*q + 31 = 5*m. Let k(p) = -35*p + 72*p - m - 35*p. What is k(i)?
-15
Let l(u) = 2*u**3 + u**2 + 2. Let b(p) = -p**3 - p**2 - 4*p - 2. Let s be b(-1). Suppose s*m - m = 4*n + 4, 0 = -5*m - 20. Determine l(n).
-10
Suppose -2*h + 7 = 3. Suppose -h*f - f = -f. Let q be 0/(2 + -1 - f) - -3. Let o(m) = -m**2 + 3*m - 2. Determine o(q).
-2
Let g = 77 - 79. Let r(a) be the first derivative of -a**4/12 - a**3/6 + 15*a + 5. Let t(j) be the first derivative of r(j). Calculate t(g).
-2
Let j(z) be the second derivative of -z**8/6720 - z**7/2520 + 7*z**5/40 - 83*z**4/12 + 64*z - 2. Let g(k) be the third derivative of j(k). Calculate g(0).
21
Let d(b) = 0*b**3 + b**3 + 9*b - 2314 - 10*b**2 + 2318. Suppose 37 = 20*m - 143. Give d(m).
4
Let p(x) = 2 - 10 + 10*x**2 + 10 - 2*x**3 + 3*x**3 + 10*x - 3. What is p(-9)?
-10
Let i(x) be the third derivative of -x**5/15 + x**4/3 + x**3/2 + 6*x**2 + 2*x. What is i(3)?
-9
Let i(q) = 3*q - 1. Let o be i(5). Let b be (12/(-7)*o/(-4))/(-1). Let a be 1/1 - (3 + b). Let z(n) = 5*n - 3. Give z(a).
17
Let s(k) = -16*k + 17. Let a = -233 + 235. Let f(l) = 3*l - 3. Let r(p) = a*s(p) + 11*f(p). What is r(12)?
13
Let v(d) = 11*d - 14 - 204*d**3 + 5*d**2 - 9*d + 395*d**3 - 192*d**3. Determine v(8).
-190
Let m(y) = -9*y + 10. Let s(o) = -159 + 79 - 2*o + 80. Let k(q) = -m(q) + 4*s(q). Determine k(7).
-3
Let t(g) = -g - 5. Suppose 7 = 2*x - 3*b, -5*x + 5*b + 7 = -8. Suppose x*p - y = -10, 3*p = 5*y - 8*y - 6. Calculate t(p).
-1
Let n(o) = -2*o + 51 + 35 + o**3 + 3*o**2 - 79 - 9*o**2. Let t(k) = -2 + 2*k + 4 - 4. Let u be t(4). Determine n(u).
-5
Let l(d) = 0 - 72*d - 4 + 3 + 4 + 60*d. Calculate l(-15).
183
Let b(z) = -z - 49. Let v be b(-52). Let i(y) = -3 - v*y - 7 + 2*y + 8 + 4*y. Let p(j) = j**2 - 7*j - 3. Let o be p(7). Determine i(o).
-11
Let b(r) = 16 + 196*r**3 + 197*r**3 - 591*r**3 - 9*r**2 + 197*r**3 - 6*r. Calculate b(-8).
0
Let w be (8/5 + -1)/((-11)/(550/(-15))). Let s(y) be the first derivative of 9*y + 3/2*y**w + 5. Give s(-6).
-9
Let w(d) = 96 + 127 + 244 - 4480*d + 4489*d - 56. Determine w(-45).
6
Let k be (5 + (-45)/10)*4*-1. Let x = -18 + 25. Let m(a) = x*a + a + 8 - 18 + 11. What is m(k)?
-15
Let f be (0/1)/(0 + -1). Let v(q) = -13*q - 8. Let x(i) be the first derivative of -i**2 - i + 124. Let g(s) = -v(s) + 7*x(s). What is g(f)?
1
Let t = 13 - 7. Let w(h) = -h + 14. Let c(q) be the second derivative of -q**3/6 + 7*q**2/2 + 48*q. Let r(k) = -5*c(k) + 2*w(k). Calculate r(t).
11
Let q(i) = -2*i + 2 - 2*i + 0. Suppose 4*d + 6 = 2*w, 0*w - 2*d = w + 9. Determine q(w).
14
Let j be 2/7 - (-12)/7. Suppose j*p = -0*w + w - 8, -20 = -w + 5*p. Suppose -o = -w - 6. Let x(g) = g**3 - 5*g**2 - 4*g - 3. Calculate x(o).
9
Let x(o) = 37*o + 33*o - 25 + 20*o - 91*o. What is x(-26)?
1
Let z(w) = 8*w**2 + 74*w + 21. Let j be (3/2)/(((-8)/44)/((-96)/(-88))). Give z(j).
3
Let p = -473 + 473. Suppose v = -2*g + 8 + 3, -5*g - 2*v + 28 = p. Let d(f) = -f**3 + 6*f**2 + 2*f + 5. What is d(g)?
17
Let y(g) = -16*g**2 - 3*g - 4. Let b(f) = -f**3 - 6*f**2 - 19*f - 24. Let c be b(-2). Determine y(c).
-62
Let m(g) = -g**3 - 19*g**2 - 18*g - 16. Suppose -51 = -4*z + 3*i - 126, 5*z = -5*i - 85. Give m(z).
-16
Let v = -985 - -988. Let f(q) = q - 6. Let m(b) = 8*b - 13. Let c(n) = 7*n - 12. Let t(y) = -7*c(y) + 6*m(y). Let o(x) = v*t(x) + 4*f(x). Determine o(7).
1
Let f(n) = 6*n - 12. Suppose -5*a + 2*i = -3, 12*i - 16*i = -4. Let o be f(a). Let x(c) = c**3 + 7*c**2 + 5*c - 8. What is x(o)?
-2
Let k(u) = -3*u + 15. Let h(d) = 2*d - 10. Let x(m) = 8*h(m) + 5*k(m). Let q(r) = -11*r - 28. Let j be q(-6). Suppose 11 = -3*o + j. Give x(o).
4
Let j(h) be the second derivative of 4*h**3/3 + 45*h**2 + 781*h. Determine j(-12).
-6
Let j(u) = 4*u + 4. Let f(p) = -p**3 + 3*p**2 + 35*p + 35. Let k be f(8). What is j(k)?
-16
Let u(q) = -8*q + 326. Let r(y) = -19*y + 818. Let x(j) = 2*r(j) - 5*u(j). Suppose -4*d = -6 + 38. Determine x(d).
-10
Let w(o) = o**3 - 4*o**2 + o + 9. Suppose -5*v = 139 - 109. Let k(m) = -m**3 + 4*m**2 - m - 11. Let i(g) = v*w(g) - 5*k(g). Calculate i(4).
-3
Let p(c) = -3*c - 7. Suppose -5*a - z + 124 = 0, 19*a = 15*a - 4*z + 96. Suppose 0 = a*b - 29*b - 12. Give p(b).
2
Let b(m) be the first derivative of -m**5/120 - m**4/2 + 16*m**3 + m**2/2 - 210. Let l(z) be the third derivative of b(z). Give l(-9).
-3
Let m(b) be the second derivative of b**5/20 - b**4/2 + b**3/2 + b**2 + 1141*b. Give m(4).
-18
Let j(z) = 13*z**2 + 20*z - 26. Let p be j(6). Let y = p - 559. Let s(f) = -2*f**3 + 3*f + 4. Determine s(y).
-41
Let h(x) = 9*x**3 - 39*x**2 + 9*x + 12. Let v be h(4). Let g(j) = -38*j - 3. Calculate g(v).
-3
Let c(k) = k**2 - 7*k + 5. Let f be 20/35 + (-192)/(-7). Suppose 5*n - f = 17. Let v be 28/126 - (-34)/n. Give c(v).
-7
Let s(y) = -y**2 - 12*y - 22. Let o = -3562 - -3550. What is s(o)?
-22
Let f(g) = -23*g - 23. Let p(t) = 36*t + 39. Let r(z) = -8*f(z) - 5*p(z). Give r(4).
5
Let p be -5 - -11 - (-4)/((-8)/6). Let f(b) = b**3 - 3*b**2 + 4*b. Give f(p).
12
Let j = -188 + 95. Let h = -90 - j. Let z(m) = -m**3 + 4*m**2 - 3*m + 3. Let l(s) = -4*s**3 + 16*s**2 - 13*s + 13. Let n(r) = 2*l(r) - 9*z(r). Give n(h).
-7
Let r = -69 - -48. Let f = -14 - r. Let c(v) be the first derivative of v**4/4 - 7*v**3/3 + v**2/2 - 6*v - 2. Calculate c(f).
1
Let u(q) be the first derivative of -17*q - 382 + 769 - 384 + q**2. Calculate u(12).
7
Let t(z) = -z**3 - z**2 + 2*z + 1. Let s(c) = 12*c - 10*c**2 + 0*c**3 - 17 + 19 - 6*c**3. Let n(h) = s(h) - 5*t(h). What is n(-5)?
-13
Let t(l) be the third derivative of l**5/60 - 5*l**4/12 + 7*l**3/6 - 4*l**2. Let q(x) = 3*x**3 + 3*x**2 - 6*x + 6. Let s be q(-2). Calculate t(s).
-17
Let o(u) be the first derivative of -u**6/360 + u**5/120 + u**4/4 + u**3 - 27*u - 21. Let w(b) be the third derivative of o(b). What is w(3)?
0
Let s = -1351 - -1370. Let g(j) = 3*j + 19. What is g(s)?
76
Let d(u) = 70 - 1101*u + 1132*u - 6*u**2 + u**2 + 0*u**2 + 7*u**2. Determine d(-13).
5
Let v be 0/(-24)*(-2)/(-24). Let c(w) = -13*w + 4. Give c(v).
4
Let c(x) = 10*x - 29. Suppose 537 - 65 = 472*n. What is c(n)?
-19
Let a(k) be the second derivative of -4*k**3/3 + 69*k**2 + 6*k - 92. What is a(18)?
-6
Let g = -173 - -183. Suppose -25*a - 35 = -30*a + 5*k, 2*k = a - g. Let x(t) = -2*t + 10. What is x(a)?
2
Let w(g) = 191 + 191 + 18*g + 185 + 189 - 748. Determine w(-2).
-28
Let m(r) = 67*r + 118*r + 68*r - 8 - 8*r**2 + r**3 - 242*r. Give m(6).
-14
Let y(q) = -q**2 + 4*q - 4. Suppose 4*a - 2*z + 112 - 148 = 0, 4*a - 36 = -4*z. Calculate y(a).
-49
Let g(p) = -p**2 + 2*p + 13. Let q = 3847 + -3842. Determine g(q).
-2
Suppose 8*z - 19*z = -1 + 1. Let j(b) = -6*b**3 - 6*b**2 + b - 13. Let l(i) = -i**3 - i**2 + 1. Let m(w) = -j(w) + 5*l(w). What is m(z)?
18
Let u(f) = -4*f**2 - 34*f + 2. Suppose -22*r - 795 + 597 = 0. Calculate u(r).
-16
Let j be 3/3*-16 + -3. Let c = -14 - j. Suppose c*v + 11 + 9 = 0. Let q(r) = -r**3 - 3*r**2 + 4*r. Calculate q(v).
0
Let d(w) = -7*w**3 + 42*w**2 - w. Let s be (-7)/(-1) + (12 + -9)/(-3). What is d(s)?
-6
Let m(s) be the third derivative of s**6/120 + s**5/12 + s**4/6 + s**3/3 + s**2. Suppose 36*p - 24*p = 5784. Let d = 480 - p. What is m(d)?
6
Let j(p) = p**2 + 3*p + 1. Suppose 283 = -3*n - 86. Let s(h) = 18*h + 12. Let b be s(6). Let g = n + b. What is j(g)?
1
Let c(r) = 41074*r**3 + 5 + 13*r**2 - 41075*r**3 + 17. Determine c(13).
22
Let f(s) = -s**2 - 16*s + 1. Let g be f(-13). Let l = g + -37. Let a(o) = -3*o**3 - 29 + 33 + 4*o**3 - 3*o**2 - l*o. What is a(3)?
-5
Let s(g) = g**3 + 6*g**2 + 2*g - 7. Let b = -144 + 158. Suppose 17*h + 10 = -2*j + b*h, 0 = -2*h. Calculate s(j).
8
Let h = -98 - -93. Let k be ((-4)/h)/(28/(-70)). Let b(p) = -p + 9. Let x(f) = -3*f + 37. Let y(g) = k*x(g) + 9*b(g). What is y(6)?
-11
Suppose 2 = 14*d - 796. Let g(a) = -d*a**3 - a - 6*a**2 + 118*a**3 + 17*a**2 - 12 - 60*a**3. Give g(-11).
-1
Let f = -3 - -23. Let j(i) = -f - 13 + 36 + 3*i. Determine j(-3).
-6
Let n(q) = -15*q - 